ative of l**5/60 + l**4/8 - 7*l**3/6 - l**2. What are the prime factors of i(-6)?
11
Suppose v = -5*p + 24, 3*p + 46 = 3*v - 98. What are the prime factors of v?
2, 11
Suppose 0 = -w - w + 284. List the prime factors of w.
2, 71
Let b(u) = -4*u + 10. Let l(z) = -5*z + 11. Let y(r) = 6*b(r) - 5*l(r). Suppose 3*h + 4*d - 13 = 5*d, 5*d = 2*h. What are the prime factors of y(h)?
2, 5
Let j be (18/(-15))/1*-35. Suppose d + d - j = 0. Suppose 5*x = -2*v + d, 4*x - v - 23 + 1 = 0. List the prime factors of x.
5
Suppose -2*t - 3*j = -0*j - 178, -2*j = -2*t + 188. What are the prime factors of t?
2, 23
Let d(m) = 2*m**2 + 8*m - 2. Let o(f) = 5*f**2 + 16*f - 4. Let n(z) = 7*d(z) - 3*o(z). List the prime factors of n(6).
2, 5
Suppose 0 = -4*k + 112 + 28. What are the prime factors of k?
5, 7
Suppose -2*h = 2*a + 26, 5*a + h + 53 = -0*h. Let q be 0 + a*3/(-6). Suppose -q*v + 4 = -2*d - 44, 25 = 3*v - 5*d. What are the prime factors of v?
2, 5
Let u(k) = -k**3 - k**2 - k - 1. Let s be u(0). Let y be ((-21)/4)/(s/4). List the prime factors of -4 + 6/3 + y.
19
Let q(y) = 50*y + 5. Let j(n) = 17*n + 2. Let m(r) = 11*j(r) - 4*q(r). What are the prime factors of m(-3)?
41
Let m = 42 + -10. Suppose -2*g - 3*r + m = 0, 0 = 4*r - 21 + 5. List the prime factors of g.
2, 5
List the prime factors of (39/4)/(2/16).
2, 3, 13
Let h(w) = w**2 + 3*w - 10. Let c be h(7). Suppose -2*y - 3*l + 61 = 0, c = 2*y + 2*l - 0*l. What are the prime factors of y?
29
Let p(m) = -m**3 - 7*m**2 - 9*m - 5. Suppose 2*l = 4*l + 4*d + 28, 3*d = -l - 18. List the prime factors of p(l).
13
Let m(h) = -h + 1. Let n be m(-1). Let o(c) = 6 + 2 - 3 - n*c - 3. What are the prime factors of o(-4)?
2, 5
Let p(d) = -8*d - 1. Let a be p(-5). Suppose -46 = -3*r + 4*q, 0 = -5*r + 2*q - a + 125. What are the prime factors of r?
2, 3
Let q = -5 - -18. Suppose 0 = -m - 2 + q. What are the prime factors of m?
11
Let a be ((-31)/1 - -3)*-1. Suppose 0 = 3*l - a + 10. What are the prime factors of l?
2, 3
Let i be 2 + -1 + (-11 - -4). What are the prime factors of (i/(-4))/((-3)/(-14))?
7
Let n(i) = -7*i - 8. What are the prime factors of n(-6)?
2, 17
Let m(k) = -k**3 + 19*k**2 - 15*k - 5. List the prime factors of m(18).
7
Suppose 3 = -3*o - 3*a - 0, 10 = -2*o - 4*a. Suppose -v + o = -3. What are the prime factors of v?
2, 3
Let x(c) = -c**2 - 3*c. Let o be x(-2). Let g be o*-1 - (-22 + -4). Suppose 6 = 3*s - g. What are the prime factors of s?
2, 5
Suppose -2*d + 2 = 8. Suppose -o - 4*x = 7, o - 4*x = -0*o + 17. Let i = o - d. List the prime factors of i.
2
List the prime factors of (5/(-2))/((-4)/136).
5, 17
List the prime factors of 21/(-10)*-4*625/50.
3, 5, 7
Suppose 4*p = p + 540. List the prime factors of p.
2, 3, 5
Suppose 0 = -2*z + 17 + 1. Suppose 2 - z = -t. List the prime factors of t.
7
Let j(a) = -3*a**3 - a**2 + 2*a - 1. Suppose -4*s - u = -3*s + 4, 3*s - 2*u = 13. Let t be j(s). Let z = 14 + t. List the prime factors of z.
11
Let l(w) = w**3 - w**2 + 3*w + 2. Let g be l(-2). Let m = -5 - g. List the prime factors of m.
11
Let h(l) = -l**2 + l + 2. Let i be h(2). Suppose -4*f + 66 + 42 = i. What are the prime factors of f?
3
Let n(p) = p**2 - p - 3. Let a be n(6). Suppose -52 = -5*x + 2*d - 134, -2*d = -4*x - 64. Let o = x + a. List the prime factors of o.
3
Suppose 16*m = 15*m + 341. List the prime factors of m.
11, 31
Let d(y) = 7*y**2 + 14*y + 38. List the prime factors of d(-7).
283
Suppose -5*u = -3*u - 10. Suppose -u*q + 3*v + 10 = 0, -3*q + 0*v - 4*v = -6. What are the prime factors of (-33 - -3)*(-1)/q?
3, 5
Let y = 13 - 11. Let r(s) = 5*s**3 + 2*s**2 - 1. What are the prime factors of r(y)?
47
Let r(k) = -k - 7. Let p be r(-5). Let l be 0*(-1)/(p - -1). Let i = 4 + l. List the prime factors of i.
2
Suppose 5*p = 3*x + 38, 4*x - 4 = 2*p - 36. Suppose -s + 0*s - 3 = 0. Let v = s - x. List the prime factors of v.
3
Let s(m) = m**2 - 4*m + 48. List the prime factors of s(0).
2, 3
Suppose -5*x = -5*i - 35, -2*x + 5*i + 27 = -x. Suppose -t - 2*p = 0, 3 = 3*t - x*p - 5. List the prime factors of (-1)/(2/(-4))*t.
2
Suppose -34 = -4*z + 42. Suppose -14 = -d + z. List the prime factors of d.
3, 11
Suppose 28 = 3*y + 5*x, 2*x - 1 + 9 = 0. Suppose -2*w + 6 = -5*j, 4*w = -4*j + y - 4. Suppose 0*n - 9 = -w*n. List the prime factors of n.
3
List the prime factors of ((-117)/(-12))/(6/16).
2, 13
Suppose 0 = -d - 2*w - w - 5, 4*d = w + 32. Suppose -1 = -2*p + d. List the prime factors of p.
2
Let h = 9 - -4. What are the prime factors of h?
13
Let m = -2 + 20. Let v = m + -2. Suppose 3*u = -u + v. List the prime factors of u.
2
Let r(f) be the second derivative of -f**2 - 2/3*f**3 - 3*f + 0. What are the prime factors of r(-3)?
2, 5
Let i = 211 + -145. List the prime factors of i.
2, 3, 11
Suppose -t + 5*s + 22 + 26 = 0, 4*s = -5*t + 124. Let x = 56 - t. What are the prime factors of x?
2, 7
Suppose u - 28 = -t, -2*u = t + u - 36. Suppose 2*h - 5*w = t, -4*h = 2*w + 8 - 32. List the prime factors of h.
7
Let n(u) = 21*u + 1. Let h = -2 - -1. Let q be n(h). Let l = -10 - q. List the prime factors of l.
2, 5
List the prime factors of (1/1)/((-7)/(-427)).
61
Suppose 29 - 74 = -5*a. Let f = -6 + a. Suppose 0 = 4*r - 27 + f. What are the prime factors of r?
2, 3
Suppose -3*r - 2*q + 50 = -0*r, -3*q = -12. List the prime factors of r.
2, 7
Let l = 6 - -1. Suppose 4*z = l*z. Suppose -5*s = 3*p - 3 - z, 4*p - 3*s = 33. What are the prime factors of p?
2, 3
Let c(x) = -x - 1. Let p(r) = -r**3 - 3*r**2 + 7*r + 6. Let h = -6 + 2. Let w be p(h). What are the prime factors of c(w)?
5
Suppose 0 = -0*i + 3*i - 141. List the prime factors of i.
47
Suppose 51 = 3*y - 51. Let r = y + -48. What are the prime factors of 4/r + (-46)/(-14)?
3
Suppose r = -3*r + 140. What are the prime factors of r?
5, 7
What are the prime factors of (3/4)/((-3)/(-24))?
2, 3
Let m(r) = 2*r**2 + 6*r - 3. What are the prime factors of m(2)?
17
Suppose -3*o + 3*h = -0 - 18, -3*h = -5*o + 22. Suppose m = o*m. Suppose 4*d = -m*d + 24. List the prime factors of d.
2, 3
Suppose 393 = 3*r - 258. What are the prime factors of r?
7, 31
Suppose -5*t + 57 = -4*t. List the prime factors of t.
3, 19
Suppose 21 = -4*l + 149. What are the prime factors of l?
2
Suppose 0 = 5*u + k - 288, -49 - 59 = -2*u - 4*k. What are the prime factors of u?
2, 29
Suppose j - 7 = -3. List the prime factors of (48/28)/(j/14).
2, 3
Let h(d) = d**2 + 3*d - 4. Let n be h(-6). Suppose 2*b - j - 12 = 2*j, -n = -2*b + 2*j. What are the prime factors of b?
3
Let i = 3 - 7. Let r = i - -1. Let m(d) = -d**2 - 6*d + 3. What are the prime factors of m(r)?
2, 3
Suppose -8*x = -15*x + 525. What are the prime factors of x?
3, 5
Suppose -1 = 4*n - 169. List the prime factors of n.
2, 3, 7
Suppose -b + 77 = -83. What are the prime factors of b?
2, 5
Suppose -3*y + 23 + 24 = 4*k, -5*k = -y - 35. Let b be (18/k)/((-3)/12). What are the prime factors of (-123)/b + (-2)/3?
13
Suppose z - 5 = 1. What are the prime factors of -22*(9/z + -2)?
11
Let x = -18 + 25. Let b = x - 11. List the prime factors of -1 - (-1 - b/(-2)).
2
Suppose 0*b + 3 = -b. Let m be 5 - (b + 6/3). List the prime factors of 11/m - 4/(-24).
2
Suppose -3*q - 3*y - 8 = -53, 0 = -5*q + 2*y + 75. What are the prime factors of 2 + (q + 3)/3?
2
Let s = 77 + -130. Let m = -26 - s. What are the prime factors of m?
3
Suppose 8*t - 784 = -200. What are the prime factors of t?
73
Let v be ((-3)/6*14)/(-1). Suppose 8 = 2*p - 24. Let b = p - v. What are the prime factors of b?
3
Let i = 15 + 4. What are the prime factors of i?
19
Suppose -4*b - 7*o = -5*o - 46, -5*o = -3*b + 2. Let p be 1/(b/(-6))*-3. What are the prime factors of (-2)/p + (4 - 1)?
2
Let o be 4/(-14) + (-180)/(-42). Suppose 0 = 5*j + 25, -u + 9 = -o*j - 51. List the prime factors of u.
2, 5
Let f = -178 - -276. What are the prime factors of f?
2, 7
Suppose 4*w = -3*n + 43, 0*n = 2*n + 2*w - 26. List the prime factors of n.
3
Suppose 32 = 2*w + 2*w. Let s be w/12 + (-13)/(-3). Suppose l - s - 1 = 0. List the prime factors of l.
2, 3
Let u = -38 + 27. Let c = u - -27. List the prime factors of c.
2
Suppose -6*z = -3*z - 195. List the prime factors of z.
5, 13
Suppose r = -3*r + 12. Suppose 2*l - 33 = -2*g + 13, -2*l = -r*g + 49. List the prime factors of g.
19
Let o(p) 